{"id":38,"date":"2025-03-25T14:37:08","date_gmt":"2025-03-25T14:37:08","guid":{"rendered":"https:\/\/schach-manuel-lernen.ch\/?page_id=38"},"modified":"2025-05-02T16:02:02","modified_gmt":"2025-05-02T16:02:02","slug":"ueber-mich","status":"publish","type":"page","link":"https:\/\/schach-manuel-lernen.ch\/index.php\/ueber-mich\/","title":{"rendered":"DE &#8211; \u00dcber mich"},"content":{"rendered":"\n<div class=\"row\"  id=\"row-1410959304\">\n\n\n\t<div id=\"col-1146253932\" class=\"col medium-4 small-12 large-4\"  >\n\t\t\t\t<div class=\"col-inner\"  >\n\t\t\t\n\t\t\t\n\n\n\t\t<\/div>\n\t\t\t\t\t<\/div>\n\n\t\n\n\t<div id=\"col-1883685096\" class=\"col medium-4 small-12 large-4\"  >\n\t\t\t\t<div class=\"col-inner\"  >\n\t\t\t\n\t\t\t\n\n\t<div id=\"text-1218321878\" class=\"text\">\n\t\t\n\n<h2>\u00dcber mich<\/h2>\n\t\t\n<style>\n#text-1218321878 {\n  font-size: 2.4rem;\n  text-align: center;\n  color: #d3b78b;\n}\n#text-1218321878 > * {\n  color: #d3b78b;\n}\n<\/style>\n\t<\/div>\n\t\n\n\t\t<\/div>\n\t\t\t\t\t<\/div>\n\n\t\n\n\t<div id=\"col-1581615435\" class=\"col medium-4 small-12 large-4\"  >\n\t\t\t\t<div class=\"col-inner\"  >\n\t\t\t\n\t\t\t\n\n\n\t\t<\/div>\n\t\t\t\t\t<\/div>\n\n\t\n\n<\/div>\n<div class=\"row\"  id=\"row-1759978575\">\n\n\n\t<div id=\"col-2082031371\" class=\"col medium-4 small-12 large-4\"  >\n\t\t\t\t<div class=\"col-inner\"  >\n\t\t\t\n\t\t\t\n\n\n\t\t<\/div>\n\t\t\t\t\t<\/div>\n\n\t\n\n\t<div id=\"col-865053797\" class=\"col medium-4 small-12 large-4\"  >\n\t\t\t\t<div class=\"col-inner\"  >\n\t\t\t\n\t\t\t\n\n\t<div class=\"img has-hover x md-x lg-x y md-y lg-y\" id=\"image_1673804716\">\n\t\t\t\t\t\t\t\t<div class=\"img-inner dark\" >\n\t\t\t<img loading=\"lazy\" decoding=\"async\" width=\"1\" height=\"1\" src=\"https:\/\/schach-manuel-lernen.ch\/wp-content\/uploads\/2025\/03\/manuel-01.avif\" class=\"attachment-large size-large\" alt=\"\" \/>\t\t\t\t\t\t\n\t\t\t\t\t<\/div>\n\t\t\t\t\t\t\t\t\n<style>\n#image_1673804716 {\n  width: 100%;\n}\n<\/style>\n\t<\/div>\n\t\n\n\n\t\t<\/div>\n\t\t\t\t\t<\/div>\n\n\t\n\n\t<div id=\"col-750080547\" class=\"col medium-4 small-12 large-4\"  >\n\t\t\t\t<div class=\"col-inner\"  >\n\t\t\t\n\t\t\t\n\n\n\t\t<\/div>\n\t\t\t\t\t<\/div>\n\n\t\n\n<\/div>\n<div class=\"row\"  id=\"row-1499385713\">\n\n\n\t<div id=\"col-2012761630\" class=\"col medium-2 small-12 large-2\"  >\n\t\t\t\t<div class=\"col-inner\"  >\n\t\t\t\n\t\t\t\n\n\n\t\t<\/div>\n\t\t\t\t\t<\/div>\n\n\t\n\n\t<div id=\"col-1907870014\" class=\"col medium-8 small-12 large-8\"  >\n\t\t\t\t<div class=\"col-inner\"  >\n\t\t\t\n\t\t\t\n\n\t<div id=\"text-1645938687\" class=\"text\">\n\t\t\n\n<p>Mein Leben ist abwechslungsreich und sehr spannend. Wenn ich nicht gerade arbeite, eine Weiterbildung besuche oder Schach spiele, lese ich sehr gerne.<br \/>\nBeruflich bin ich im Finanzsektor t\u00e4tig und habe mich dort st\u00e4ndig weitergebildet. Meine Lieblingsb\u00fccher besch\u00e4ftigen sich mit Philosophie, Psychologie und Religion. Ausserdem spiele ich gerne Badminton, gehe wandern und fahre Ski.<\/p>\n\t\t\n<style>\n#text-1645938687 {\n  font-size: 1.25rem;\n  text-align: left;\n}\n<\/style>\n\t<\/div>\n\t\n\n\t\t<\/div>\n\t\t\t\t\t<\/div>\n\n\t\n\n\t<div id=\"col-351769521\" class=\"col medium-2 small-12 large-2\"  >\n\t\t\t\t<div class=\"col-inner\"  >\n\t\t\t\n\t\t\t\n\n\n\t\t<\/div>\n\t\t\t\t\t<\/div>\n\n\t\n\n<\/div>\n<div class=\"row\"  id=\"row-1655708163\">\n\n\n\t<div id=\"col-1821761582\" class=\"col medium-2 small-12 large-2\"  >\n\t\t\t\t<div class=\"col-inner\"  >\n\t\t\t\n\t\t\t\n\n\n\t\t<\/div>\n\t\t\t\t\t<\/div>\n\n\t\n\n\t<div id=\"col-1445306370\" class=\"col medium-8 small-12 large-8\"  >\n\t\t\t\t<div class=\"col-inner\"  >\n\t\t\t\n\t\t\t\n\n\t<div id=\"text-989978243\" class=\"text\">\n\t\t\n\n<h2>S(ch)achliches<\/h2>\n\t\t\n<style>\n#text-989978243 {\n  font-size: 2.05rem;\n  text-align: center;\n  color: #d3b78b;\n}\n#text-989978243 > * {\n  color: #d3b78b;\n}\n<\/style>\n\t<\/div>\n\t\n\t<div id=\"text-3306333056\" class=\"text\">\n\t\t\n\n<p><a href=\"https:\/\/linktr.ee\/ManuelDietiker\" target=\"_blank\" rel=\"noopener\"><strong><span style=\"text-decoration: underline;\">Kontaktdaten und Schachaccounts<\/span><\/strong><\/a><\/p>\n<p>schach-manuel-lernen@gmx.ch<\/p>\n<p>+41 79 854 91 93<\/p>\n<p>Fotografie durch <span class=\"fancy-underline\"><a class=\"alt-font\" href=\"https:\/\/instagram.com\/olga.dietiker?igshid=OGQ5ZDc2ODk2ZA==\" target=\"_blank\" rel=\"noopener\">Olga Dietiker<\/a><\/span><\/p>\n<p>\u00a0<\/p>\n<p>\u00a0<\/p>\n\t\t\n<style>\n#text-3306333056 {\n  font-size: 1.25rem;\n  text-align: center;\n}\n<\/style>\n\t<\/div>\n\t\n\n\t\t<\/div>\n\t\t\t\t\t<\/div>\n\n\t\n\n\t<div id=\"col-1736448304\" class=\"col medium-2 small-12 large-2\"  >\n\t\t\t\t<div class=\"col-inner\"  >\n\t\t\t\n\t\t\t\n\n\n\t\t<\/div>\n\t\t\t\t\t<\/div>\n\n\t\n\n<\/div>\n\n","protected":false},"excerpt":{"rendered":"","protected":false},"author":1,"featured_media":0,"parent":0,"menu_order":0,"comment_status":"closed","ping_status":"closed","template":"","meta":{"footnotes":""},"class_list":["post-38","page","type-page","status-publish","hentry"],"_links":{"self":[{"href":"https:\/\/schach-manuel-lernen.ch\/index.php\/wp-json\/wp\/v2\/pages\/38","targetHints":{"allow":["GET"]}}],"collection":[{"href":"https:\/\/schach-manuel-lernen.ch\/index.php\/wp-json\/wp\/v2\/pages"}],"about":[{"href":"https:\/\/schach-manuel-lernen.ch\/index.php\/wp-json\/wp\/v2\/types\/page"}],"author":[{"embeddable":true,"href":"https:\/\/schach-manuel-lernen.ch\/index.php\/wp-json\/wp\/v2\/users\/1"}],"replies":[{"embeddable":true,"href":"https:\/\/schach-manuel-lernen.ch\/index.php\/wp-json\/wp\/v2\/comments?post=38"}],"version-history":[{"count":9,"href":"https:\/\/schach-manuel-lernen.ch\/index.php\/wp-json\/wp\/v2\/pages\/38\/revisions"}],"predecessor-version":[{"id":242,"href":"https:\/\/schach-manuel-lernen.ch\/index.php\/wp-json\/wp\/v2\/pages\/38\/revisions\/242"}],"wp:attachment":[{"href":"https:\/\/schach-manuel-lernen.ch\/index.php\/wp-json\/wp\/v2\/media?parent=38"}],"curies":[{"name":"wp","href":"https:\/\/api.w.org\/{rel}","templated":true}]}}